689 a prime number?
True
Is 16776593377 prime?
True
Is 2459530603 prime?
True
Is 3754686223 prime?
True
Is 114589067 composite?
False
Is 28044559 prime?
True
Is 7275297137 a composite number?
False
Is 4098851311 a prime number?
False
Is 915006511 a composite number?
False
Is 6846689039 a composite number?
True
Is 1041319759 a prime number?
True
Is 3595082539 a composite number?
False
Is 1287993131 a prime number?
False
Is 2356266599 prime?
True
Is 30285217 prime?
True
Is 32596526477 prime?
True
Is 367898613 prime?
False
Is 143954777641 prime?
False
Is 523855667 prime?
True
Is 4087970486 a prime number?
False
Is 142399069 prime?
True
Is 513510487 a composite number?
True
Is 16501946267 a composite number?
True
Is 19736553307 composite?
False
Is 30903850599 prime?
False
Is 4332555947 a composite number?
True
Is 127237273 a composite number?
False
Is 27640491209 a prime number?
True
Is 44756270215 composite?
True
Is 263749847 prime?
False
Is 2736828169 a prime number?
True
Is 83860438577 a composite number?
False
Is 2033405153 a composite number?
True
Is 2824489687 a prime number?
False
Is 15640120351 a prime number?
False
Is 74547761149 a prime number?
False
Is 4171303203 composite?
True
Is 2718271679 composite?
False
Is 121439497 composite?
True
Is 10935896606 a composite number?
True
Is 1098387193 composite?
False
Is 16481761819 a prime number?
True
Is 13741657961 a prime number?
True
Is 65064256561 composite?
False
Is 22543823 prime?
False
Is 4971498097 composite?
False
Is 362450447 a composite number?
False
Is 1089035009 a composite number?
False
Is 798219601 composite?
False
Is 19194498107 a prime number?
False
Is 47942914823 a prime number?
True
Is 69348081029 prime?
True
Is 27520205123 composite?
False
Is 126108467 composite?
False
Is 3174555211 prime?
True
Is 76820158451 composite?
True
Is 34332920003 prime?
True
Is 215171729 prime?
False
Is 16827864553 prime?
False
Is 24199871431 prime?
False
Is 523223801 a composite number?
False
Is 19193713349 a composite number?
True
Is 119031029939 a composite number?
False
Is 77541817 a prime number?
True
Is 27462538889 a composite number?
False
Is 167248454363 a prime number?
True
Is 932916893 a composite number?
True
Is 12682293101 prime?
True
Is 56365288439 a composite number?
False
Is 853323557 prime?
True
Is 39368558839 prime?
False
Is 1695627091 a prime number?
False
Is 5480085467 a composite number?
True
Is 30055806307 prime?
True
Is 80896817 a prime number?
False
Is 99395759 composite?
True
Is 974702063 composite?
True
Is 305363851 prime?
False
Is 3773518487 a prime number?
True
Is 155538532291 composite?
False
Is 154699613 composite?
False
Is 5065088029 a prime number?
True
Is 1746285311 composite?
False
Is 1629362741 a prime number?
False
Is 880423123 a composite number?
True
Is 23364323593 a composite number?
True
Is 63327255302 prime?
False
Is 23057627729 prime?
False
Is 12505543 a composite number?
False
Is 1870730909 a composite number?
True
Is 14191943627 composite?
False
Is 67254559 prime?
True
Is 9867432273 prime?
False
Is 9830419069 a composite number?
False
Is 586451563 a composite number?
True
Is 4552528885 a composite number?
True
Is 28767177053 a composite number?
True
Is 311036251387 a composite number?
False
Is 20792660143 prime?
False
Is 431469889111 a composite number?
False
Is 3079447471 composite?
False
Is 18861123017 composite?
True
Is 4551836181 composite?
True
Is 17702995 composite?
True
Is 391024967 prime?
True
Is 3839756617 a prime number?
True
Is 10323632411 a prime number?
True
Is 2737864931 prime?
False
Is 344251849 a composite number?
True
Is 29506138357 a composite number?
False
Is 308246843 prime?
True
Is 738344837 a composite number?
False
Is 15594239 a composite number?
False
Is 1589394413 composite?
True
Is 9169891879 a composite number?
False
Is 641078087 a prime number?
False
Is 58031272219 prime?
True
Is 10043788663 a prime number?
True
Is 1092447113 composite?
False
Is 202031189 a prime number?
True
Is 4550375779 a prime number?
True
Is 138334447 prime?
False
Is 1462232138 composite?
True
Is 5769922643 a prime number?
True
Is 2630375339 a prime number?
False
Is 808639837 a composite number?
True
Is 331475143 a composite number?
True
Is 44675443531 a composite number?
False
Is 5883033671 prime?
True
Is 3698403823 a composite number?
False
Is 596434109 composite?
False
Is 460794889 composite?
False
Is 6515480921 composite?
True
Is 52191927847 a composite number?
False
Is 2916254867 a composite number?
False
Is 3931565621 a composite number?
True
Is 12513047959 prime?
False
Is 2514355619 a prime number?
False
Is 5153993747 composite?
True
Is 53132974031 prime?
False
Is 17328340402 composite?
True
Is 2888829001 composite?
False
Is 602392337 a prime number?
False
Is 13852164521 composite?
True
Is 1088992871 composite?
False
Is 140622991 a prime number?
False
Is 7297053611 composite?
False
Is 5462292811 prime?
True
Is 1230742049 prime?
False
Is 352040057 composite?
False
Is 5382688141 a composite number?
True
Is 344138941 a prime number?
True
Is 260313173 a prime number?
True
Is 39771585179 a prime number?
True
Is 2457460147 a prime number?
False
Is 3789634351 prime?
False
Is 415550923889 a composite number?
False
Is 12310289897 a prime number?
False
Is 1850899177 prime?
True
Is 12841132229 prime?
True
Is 111168171187 a composite number?
True
Is 946553389 prime?
True
Is 9211055333 a composite number?
False
Is 24763339 a composite number?
True
Is 2820656023 composite?
True
Is 12528703073 composite?
True
Is 1943178971 prime?
True
Is 71508027109 prime?
True
Is 60101118717 composite?
True
Is 462753677 prime?
True
Is 12202513682 composite?
True
Is 74644802723 a prime number?
True
Is 1396167979 prime?
True
Is 12584413493 prime?
False
Is 8137733545 prime?
False
Is 9399727219 prime?
False
Is 271120237 a composite number?
True
Is 18328461089 a prime number?
True
Is 1225761817 a prime number?
False
Is 39203006959 prime?
False
Is 3118866334 a prime number?
False
Is 25850015459 composite?
True
Is 8451422977 a prime number?
True
Is 6064458239 a prime number?
False
Is 373583411 prime?
False
Is 24836202481 prime?
True
Is 3060509497 prime?
True
Is 31043521 a composite number?
False
Is 199788420769 composite?
True
Is 308368031 a composite number?
False
Is 4883424991 a composite number?
True
Is 912699131 a composite number?
False
Is 2178338707 a prime number?
False
Is 80885522381 a prime number?
False
Is 1077344941 a prime number?
True
Is 4542304229 a prime number?
True
Is 27598020283 a prime number?
True
Is 2342959811 a prime number?
False
Is 151984463 a composite number?
False
Is 734234983 a prime number?
True
Is 36193091351 a composite number?
True
Is 2044818161 composite?
True
Is 1298840593 prime?
False
Is 38147655059 a prime number?
False
Is 93903888851 prime?
True
Is 19339423357 prime?
True
Is 41977751689 composite?
False
Is 5241022211 a composite number?
False
Is 3301988237 prime?
True
Is 4727349806 a prime number?
False
Is 243473903 a composite number?
False
Is 710574727 composite?
False
Is 11311180003 composite?
False
Is 6666416977 composite?
True
Is 22441892069 prime?
True
Is 370740857 prime?
False
Is 3821639567 a prime number?
True
Is 1350924385 a composite number?
True
Is 10260132431 a prime number?
True
Is 3489863007 a prime number?
False
Is 37486045 prime?
False
Is 115122459 composite?
True
Is 31719458523 composite?
True
Is 488190407 composite?
False
Is 160000919269 prime?
True
Is 13000658581 prime?
False
Is 175496614313 a composite number?
False
Is 4618119263 prime?
False
Is 1226163817 a composite number?
False
Is 1120347143 a composite number?
False
Is 384772777 composite?
True
Is 1685258321 a prime number?
True
Is 95578338871 a composite number?
False
Is 5691852431 a prime number?
True
Is 856172507 composite?
True
Is 5833926323 composite?
False
Is 1622624959 a composite number?
True
Is 24058143053 a prime number?
False
Is 543652657 a prime number?
False
Is 111490037 a prime number?
True
Is 22470143027 prime?
True
Is 57967097053 prime?
False
Is 1129901341 a prime number?
True
Is 15493306789 composite?
True
Is 6842510881 prime?
True
Is 23858103 a composite number?
True
Is 1317283089 a composite number?
True
Is 1630705313 composite?
True
Is 6777165259 a comp